eds digit of 24098652?
6
What is the ten thousands digit of 1968918732?
1
What is the tens digit of 409196064?
6
What is the hundreds digit of 454998157?
1
What is the hundred thousands digit of 105158045?
1
What is the millions digit of 65604065?
5
What is the units digit of 3865802015?
5
What is the tens digit of 14267305?
0
What is the thousands digit of 73330600?
0
What is the ten thousands digit of 70744196?
4
What is the hundreds digit of 18586807?
8
What is the hundred millions digit of 551180028?
5
What is the units digit of 701190509?
9
What is the billions digit of 3702379971?
3
What is the hundreds digit of 89553598?
5
What is the hundred thousands digit of 312032940?
0
What is the hundred millions digit of 284928626?
2
What is the hundred millions digit of 212927201?
2
What is the thousands digit of 682860463?
0
What is the hundred thousands digit of 7380588887?
5
What is the ten thousands digit of 1318994588?
9
What is the hundred thousands digit of 46287102?
2
What is the hundreds digit of 5972046?
0
What is the tens digit of 57676050?
5
What is the ten millions digit of 2410811576?
1
What is the tens digit of 19977682?
8
What is the hundreds digit of 95212343?
3
What is the ten millions digit of 35929507?
3
What is the ten millions digit of 129195519?
2
What is the units digit of 422625477?
7
What is the millions digit of 135204885?
5
What is the hundreds digit of 1454221507?
5
What is the hundreds digit of 118516927?
9
What is the millions digit of 109680860?
9
What is the hundred millions digit of 156737465?
1
What is the hundred thousands digit of 21717389?
7
What is the hundreds digit of 220429940?
9
What is the ten thousands digit of 15897425?
9
What is the tens digit of 114448511?
1
What is the ten millions digit of 289509574?
8
What is the millions digit of 235087103?
5
What is the hundred thousands digit of 99987878?
9
What is the units digit of 128563215?
5
What is the tens digit of 111250480?
8
What is the hundreds digit of 3916337?
3
What is the thousands digit of 545657412?
7
What is the ten millions digit of 21059220?
2
What is the ten millions digit of 755847446?
5
What is the hundreds digit of 25755577?
5
What is the units digit of 316788160?
0
What is the thousands digit of 44617910?
7
What is the ten millions digit of 167434761?
6
What is the hundreds digit of 132105683?
6
What is the hundreds digit of 89746933?
9
What is the ten millions digit of 439872350?
3
What is the ten thousands digit of 36584327?
8
What is the tens digit of 535150373?
7
What is the ten millions digit of 11501955?
1
What is the hundred thousands digit of 88022158?
0
What is the hundred thousands digit of 177746421?
7
What is the ten millions digit of 464132102?
6
What is the units digit of 569721997?
7
What is the ten millions digit of 56293377?
5
What is the ten millions digit of 1679151083?
7
What is the tens digit of 303922072?
7
What is the hundred thousands digit of 121246946?
2
What is the thousands digit of 1474667476?
7
What is the ten thousands digit of 53465846?
6
What is the ten millions digit of 39310582?
3
What is the millions digit of 653913883?
3
What is the millions digit of 1211798436?
1
What is the millions digit of 252283171?
2
What is the thousands digit of 4006114884?
4
What is the hundred millions digit of 134882133?
1
What is the hundred millions digit of 184054354?
1
What is the hundred thousands digit of 111252662?
2
What is the tens digit of 2247830442?
4
What is the millions digit of 14007828?
4
What is the tens digit of 137216682?
8
What is the ten millions digit of 7180136103?
8
What is the units digit of 33132763?
3
What is the units digit of 28248007?
7
What is the millions digit of 5009403372?
9
What is the ten millions digit of 587861163?
8
What is the millions digit of 60088346?
0
What is the millions digit of 86659202?
6
What is the tens digit of 2441877051?
5
What is the millions digit of 78161850?
8
What is the thousands digit of 2887481601?
1
What is the thousands digit of 79639044?
9
What is the millions digit of 62560781?
2
What is the ten millions digit of 2607550440?
0
What is the hundreds digit of 265131259?
2
What is the millions digit of 616048987?
6
What is the ten millions digit of 37085996?
3
What is the tens digit of 6165440362?
6
What is the millions digit of 128399937?
8
What is the thousands digit of 24926973?
6
What is the hundreds digit of 1760773?
7
What is the tens digit of 1173786950?
5
What is the hundred thousands digit of 8493515961?
5
What is the millions digit of 30097542?
0
What is the hundreds digit of 2441259417?
4
What is the units digit of 929361510?
0
What is the hundred thousands digit of 887004605?
0
What is the units digit of 6733745?
5
What is the hundreds digit of 20222290?
2
What is the hundred thousands digit of 89041907?
0
What is the tens digit of 461194180?
8
What is the millions digit of 184458250?
4
What is the hundreds digit of 398689642?
6
What is the units digit of 23701488?
8
What is the hundred millions digit of 1700501409?
7
What is the ten thousands digit of 50452415?
5
What is the ten thousands digit of 1787746398?
4
What is the hundreds digit of 464434259?
2
What is the thousands digit of 20057135?
7
What is the units digit of 666235705?
5
What is the ten millions digit of 4122296021?
2
What is the hundreds digit of 203308445?
4
What is the hundred thousands digit of 56707822?
7
What is the ten thousands digit of 469479080?
7
What is the ten millions digit of 5734246115?
3
What is the tens digit of 237615928?
2
What is the units digit of 32342920?
0
What is the hundreds digit of 23327478?
4
What is the hundreds digit of 620781951?
9
What is the hundreds digit of 24552494?
4
What is the hundred millions digit of 1012247272?
0
What is the units digit of 3662452?
2
What is the thousands digit of 224663196?
3
What is the units digit of 456703851?
1
What is the ten thousands digit of 4269184475?
8
What is the hundreds digit of 86453100?
1
What is the tens digit of 467461535?
3
What is the millions digit of 7928364?
7
What is the tens digit of 24765877?
7
What is the ten millions digit of 1623616213?
2
What is the ten millions digit of 183025708?
8
What is the hundred thousands digit of 42095260?
0
What is the millions digit of 630551419?
0
What is the tens digit of 75507892?
9
What is the hundreds digit of 52712583?
5
What is the hundred thousands digit of 1294945625?
9
What is the tens digit of 95159599?
9
What is the units digit of 53254939?
9
What is the ten thousands digit of 592286316?
8
What is the thousands digit of 518735849?
5
What is the millions digit of 118515746?
8
What is the tens digit of 126597118?
1
What is the thousands digit of 55129140?
9
What is the hundreds digit of 177125?
1
What is the hundred millions digit of 260157892?
2
What is the thousands digit of 1427107884?
7
What is the hundreds digit of 4823615?
6
What is the hundreds digit of 788506844?
8
What is the ten millions digit of 1049779211?
4
What is the millions digit of 1671292645?
1
What is the hundreds digit of 23330207?
2
What is the thousands digit of 714831189?
1
What is the hundreds digit of 770291915?
9
What is the ten millions digit of 432335539?
3
What is the thousands digit of 58370786?
0
What is the tens digit of 15652722?
2
What is the units digit of 141707673?
3
What is the tens digit of 4417246389?
8
What is the thousands digit of 6482615389?
5
What is the hundred thousands digit of 158012679?
0
What is the hundred thousands digit of 39151753?
1
What is the units digit of 331343587?
7
What is the hundreds digit of 46200849?
8
What is the ten millions digit of 84488561?
8
What is the hundred millions digit of 436145376?
4
What is the tens digit of 684025830?
3
What is the hundred millions digit of 121912923?
1
What is the ten millions digit of 696995837?
9
What is the millions digit of 236372410?
6
What is the hundreds digit of 58275909?
9
What is the hundred millions digit of 2994042715?
9
What is the hundred thousands digit of 296841359?
8
What is the tens digit of 581893556?
5
What is the ten thousands digit of 261604833?
0
What is the hundred thousands digit of 376455993?
4
What is the hundred millions digit of 1082721956?
0
What is the hundred millions 